mon divisor of 1081 and 235?
47
Calculate the greatest common divisor of 98 and 3038.
98
Calculate the highest common divisor of 650 and 2650.
50
Calculate the highest common divisor of 20 and 6712.
4
What is the greatest common factor of 31 and 62?
31
Calculate the highest common divisor of 80 and 80.
80
Calculate the highest common divisor of 20 and 125.
5
What is the greatest common factor of 451 and 574?
41
Calculate the greatest common factor of 42 and 406.
14
What is the highest common divisor of 53 and 106?
53
Calculate the highest common factor of 196 and 4018.
98
Calculate the highest common factor of 135 and 10440.
45
Calculate the highest common divisor of 19 and 893.
19
Calculate the greatest common divisor of 16 and 1028.
4
What is the greatest common divisor of 4 and 16964?
4
Calculate the greatest common divisor of 224 and 3424.
32
Calculate the highest common factor of 315 and 7.
7
Calculate the highest common divisor of 7 and 38.
1
What is the highest common divisor of 304 and 76?
76
What is the greatest common factor of 815 and 7172?
163
What is the greatest common divisor of 3895 and 615?
205
Calculate the highest common divisor of 1989 and 1377.
153
Calculate the greatest common divisor of 158 and 2054.
158
What is the greatest common factor of 646 and 76?
38
Calculate the highest common divisor of 293 and 3.
1
Calculate the greatest common factor of 68 and 24922.
34
What is the greatest common divisor of 279 and 4619?
31
What is the highest common factor of 8967 and 42?
21
What is the greatest common factor of 352 and 2552?
88
Calculate the greatest common divisor of 78 and 507.
39
What is the highest common factor of 23 and 299?
23
What is the greatest common factor of 87 and 3741?
87
What is the highest common divisor of 141 and 141?
141
What is the highest common factor of 1165 and 40?
5
Calculate the highest common divisor of 10 and 25.
5
What is the greatest common divisor of 9226 and 126?
14
What is the greatest common divisor of 473 and 396?
11
Calculate the highest common divisor of 90 and 4635.
45
Calculate the highest common divisor of 1551 and 726.
33
Calculate the greatest common factor of 59 and 1357.
59
What is the greatest common divisor of 2014 and 38?
38
Calculate the greatest common divisor of 1363 and 94.
47
Calculate the highest common factor of 1331 and 1815.
121
Calculate the greatest common factor of 513 and 27.
27
Calculate the highest common divisor of 130 and 70.
10
Calculate the highest common factor of 292 and 2117.
73
Calculate the greatest common factor of 664 and 72.
8
What is the highest common divisor of 936 and 26?
26
Calculate the greatest common factor of 16 and 92.
4
What is the highest common factor of 67 and 1809?
67
What is the greatest common factor of 139 and 3475?
139
What is the highest common divisor of 49235 and 215?
215
Calculate the greatest common factor of 33 and 2739.
33
What is the greatest common factor of 1144 and 352?
88
What is the greatest common factor of 144 and 324?
36
Calculate the greatest common divisor of 16 and 3728.
16
What is the highest common factor of 1280 and 20?
20
What is the highest common factor of 90 and 282?
6
Calculate the greatest common divisor of 1000 and 2160.
40
Calculate the highest common factor of 453 and 604.
151
Calculate the greatest common divisor of 18 and 738.
18
Calculate the greatest common divisor of 40 and 37640.
40
What is the greatest common divisor of 95 and 155?
5
What is the greatest common divisor of 891 and 11?
11
Calculate the highest common divisor of 4 and 844.
4
Calculate the highest common divisor of 1 and 139.
1
What is the greatest common divisor of 143 and 407?
11
What is the greatest common factor of 20 and 120?
20
Calculate the greatest common factor of 15 and 445.
5
What is the highest common divisor of 290 and 2117?
29
Calculate the highest common divisor of 1197 and 931.
133
What is the greatest common factor of 756 and 28?
28
What is the greatest common factor of 78 and 1248?
78
What is the highest common divisor of 3725 and 75?
25
What is the highest common divisor of 161 and 30107?
161
What is the highest common divisor of 369 and 18?
9
What is the highest common divisor of 76 and 5?
1
What is the greatest common divisor of 17 and 27659?
17
What is the greatest common factor of 10 and 8?
2
Calculate the greatest common factor of 50 and 255.
5
Calculate the greatest common factor of 24 and 7716.
12
What is the highest common divisor of 180 and 3204?
36
What is the greatest common factor of 64350 and 10?
10
Calculate the greatest common factor of 110 and 50.
10
What is the highest common divisor of 43880 and 40?
40
What is the highest common divisor of 6 and 6618?
6
Calculate the highest common factor of 164 and 32.
4
What is the highest common factor of 261 and 16617?
87
What is the highest common divisor of 10064 and 32?
16
Calculate the highest common divisor of 777 and 27713.
259
What is the greatest common factor of 247 and 1539?
19
What is the greatest common divisor of 156 and 4?
4
Calculate the highest common factor of 7 and 196.
7
Calculate the greatest common factor of 1909 and 83.
83
Calculate the highest common divisor of 95 and 19.
19
Calculate the greatest common divisor of 83 and 913.
83
Calculate the highest common factor of 104 and 416.
104
Calculate the highest common factor of 28 and 350.
14
Calculate the greatest common divisor of 73 and 219.
73
What is the greatest common divisor of 57 and 40299?
57
What is the greatest common divisor of 25 and 225?
25
Calculate the highest common divisor of 138 and 4.
2
What is the greatest common divisor of 168 and 210?
42
What is the greatest common divisor of 24 and 56?
8
What is the greatest common factor of 4425 and 175?
25
What is the highest common factor of 666 and 18?
18
What is the greatest common divisor of 275 and 11?
11
Calculate the greatest common divisor of 5940 and 3.
3
Calculate the highest common divisor of 500 and 1125.
125
Calculate the highest common factor of 25821 and 171.
171
What is the greatest common divisor of 57 and 1501?
19
What is the highest common divisor of 66 and 462?
66
What is the greatest common factor of 175 and 2695?
35
What is the greatest common divisor of 61 and 5429?
61
What is the highest common factor of 846 and 36?
18
What is the highest common divisor of 29 and 493?
29
Calculate the greatest common factor of 6786 and 348.
174
Calculate the greatest common factor of 2 and 1309.
1
Calculate the greatest common factor of 19635 and 132.
33
Calculate the highest common divisor of 22 and 682.
22
Calculate the highest common factor of 2322 and 2.
2
Calculate the greatest common factor of 35 and 112.
7
Calculate the highest common divisor of 6864 and 33.
33
Calculate the highest common factor of 375 and 1050.
75
What is the highest common factor of 1025 and 200?
25
What is the greatest common factor of 1545 and 15?
15
What is the highest common divisor of 12 and 264?
12
What is the greatest common factor of 14 and 6?
2
What is the highest common divisor of 22 and 1661?
11
What is the greatest common factor of 2655 and 15?
15
What is the greatest common factor of 117 and 325?
13
What is the greatest common factor of 32 and 400?
16
Calculate the greatest common factor of 112 and 7.
7
Calculate the highest common factor of 5175 and 46.
23
What is the greatest common factor of 646 and 342?
38
What is the greatest common factor of 424 and 104?
8
What is the highest common divisor of 6804 and 540?
108
Calculate the greatest common divisor of 120 and 135.
15
Calculate the greatest common factor of 65 and 15.
5
What is the highest common divisor of 96 and 1596?
12
What is the greatest common factor of 244 and 183?
61
Calculate the highest common divisor of 282 and 18.
6
What is the greatest common factor of 91 and 871?
13
What is the highest common divisor of 518 and 333?
37
Calculate the greatest common divisor of 27104 and 224.
224
What is the highest common divisor of 12 and 3972?
12
What is the greatest common divisor of 3610 and 950?
190
What is the highest common factor of 400 and 12?
4
What is the greatest common factor of 700 and 17780?
140
What is the greatest common factor of 1027 and 79?
79
What is the gr